{"id":507,"date":"2016-05-11T13:48:14","date_gmt":"2016-05-11T13:48:14","guid":{"rendered":"http:\/\/wpoffice\/enfold-fitness\/?page_id=507"},"modified":"2025-04-29T12:00:35","modified_gmt":"2025-04-29T10:00:35","slug":"abendgarderobe","status":"publish","type":"page","link":"https:\/\/www.normans-couture.de\/index.php\/abendgarderobe\/","title":{"rendered":"Abendgarderobe"},"content":{"rendered":"<div id='full_slider_1'  class='avia-fullwidth-slider main_color avia-shadow   avia-builder-el-0  el_before_av_two_third  avia-builder-el-first   container_wrap sidebar_right'  ><div  class='avia-slideshow av-m70ilvwm-1bbefd9116db4ecbab90fc31015d8b03 avia-slideshow-no scaling av_slideshow_full avia-slide-slider av-slideshow-ui av-control-default av-slideshow-manual av-loop-once av-loop-manual-endless av-default-height-applied   avia-slideshow-1' data-slideshow-options=\"{&quot;animation&quot;:&quot;slide&quot;,&quot;autoplay&quot;:false,&quot;loop_autoplay&quot;:&quot;once&quot;,&quot;interval&quot;:5,&quot;loop_manual&quot;:&quot;manual-endless&quot;,&quot;autoplay_stopper&quot;:false,&quot;noNavigation&quot;:false,&quot;bg_slider&quot;:false,&quot;keep_padding&quot;:false,&quot;hoverpause&quot;:false,&quot;show_slide_delay&quot;:0}\"  itemprop=\"image\" itemscope=\"itemscope\" itemtype=\"https:\/\/schema.org\/ImageObject\" ><ul class='avia-slideshow-inner ' style='padding-bottom: 58.333333333333%;'><li  class='avia-slideshow-slide av-m70ilvwm-1bbefd9116db4ecbab90fc31015d8b03__0  slide-1 slide-odd'><div data-rel='slideshow-1' class='avia-slide-wrap '   ><img decoding=\"async\" fetchpriority=\"high\" class=\"wp-image-1095 avia-img-lazy-loading-not-1095\"  src=\"https:\/\/www.normans-couture.de\/wp-content\/uploads\/2025\/04\/Depositphotos_240378274_2400x1400px.jpg\" width=\"2400\" height=\"1400\" title='Pretty girl at merry Christmas home party' alt=''  itemprop=\"thumbnailUrl\" srcset=\"https:\/\/www.normans-couture.de\/wp-content\/uploads\/2025\/04\/Depositphotos_240378274_2400x1400px.jpg 2400w, https:\/\/www.normans-couture.de\/wp-content\/uploads\/2025\/04\/Depositphotos_240378274_2400x1400px-300x175.jpg 300w, https:\/\/www.normans-couture.de\/wp-content\/uploads\/2025\/04\/Depositphotos_240378274_2400x1400px-1030x601.jpg 1030w, https:\/\/www.normans-couture.de\/wp-content\/uploads\/2025\/04\/Depositphotos_240378274_2400x1400px-768x448.jpg 768w, https:\/\/www.normans-couture.de\/wp-content\/uploads\/2025\/04\/Depositphotos_240378274_2400x1400px-1536x896.jpg 1536w, https:\/\/www.normans-couture.de\/wp-content\/uploads\/2025\/04\/Depositphotos_240378274_2400x1400px-2048x1195.jpg 2048w, https:\/\/www.normans-couture.de\/wp-content\/uploads\/2025\/04\/Depositphotos_240378274_2400x1400px-1500x875.jpg 1500w, https:\/\/www.normans-couture.de\/wp-content\/uploads\/2025\/04\/Depositphotos_240378274_2400x1400px-705x411.jpg 705w\" sizes=\"(max-width: 2400px) 100vw, 2400px\" \/><\/div><\/li><li  class='avia-slideshow-slide av-m70ilvwm-1bbefd9116db4ecbab90fc31015d8b03__1  slide-2 slide-even'><div data-rel='slideshow-1' class='avia-slide-wrap '   ><img decoding=\"async\" fetchpriority=\"high\" class=\"wp-image-1125 avia-img-lazy-loading-not-1125\"  src=\"https:\/\/www.normans-couture.de\/wp-content\/uploads\/2025\/04\/IMG_3959_ALR_2400x1400px.jpg\" width=\"2400\" height=\"1400\" title='IMG_3959_ALR_2400x1400px' alt=''  itemprop=\"thumbnailUrl\" srcset=\"https:\/\/www.normans-couture.de\/wp-content\/uploads\/2025\/04\/IMG_3959_ALR_2400x1400px.jpg 2400w, https:\/\/www.normans-couture.de\/wp-content\/uploads\/2025\/04\/IMG_3959_ALR_2400x1400px-300x175.jpg 300w, https:\/\/www.normans-couture.de\/wp-content\/uploads\/2025\/04\/IMG_3959_ALR_2400x1400px-1030x601.jpg 1030w, https:\/\/www.normans-couture.de\/wp-content\/uploads\/2025\/04\/IMG_3959_ALR_2400x1400px-768x448.jpg 768w, https:\/\/www.normans-couture.de\/wp-content\/uploads\/2025\/04\/IMG_3959_ALR_2400x1400px-1536x896.jpg 1536w, https:\/\/www.normans-couture.de\/wp-content\/uploads\/2025\/04\/IMG_3959_ALR_2400x1400px-2048x1195.jpg 2048w, https:\/\/www.normans-couture.de\/wp-content\/uploads\/2025\/04\/IMG_3959_ALR_2400x1400px-1500x875.jpg 1500w, https:\/\/www.normans-couture.de\/wp-content\/uploads\/2025\/04\/IMG_3959_ALR_2400x1400px-705x411.jpg 705w\" sizes=\"(max-width: 2400px) 100vw, 2400px\" \/><\/div><\/li><\/ul><div class='avia-slideshow-arrows avia-slideshow-controls' ><a href='#prev' class='prev-slide  avia-svg-icon avia-font-svg_entypo-fontello' data-av_svg_icon='left-open-big' data-av_iconset='svg_entypo-fontello' tabindex='-1' title=\"Zur\u00fcck\"><svg version=\"1.1\" xmlns=\"http:\/\/www.w3.org\/2000\/svg\" width=\"15\" height=\"32\" viewBox=\"0 0 15 32\" preserveAspectRatio=\"xMidYMid meet\" aria-labelledby='av-svg-title-1' aria-describedby='av-svg-desc-1' role=\"graphics-symbol\" aria-hidden=\"true\">\n<title id='av-svg-title-1'>Zur\u00fcck<\/title>\n<desc id='av-svg-desc-1'>Zur\u00fcck<\/desc>\n<path d=\"M14.464 27.84q0.832 0.832 0 1.536-0.832 0.832-1.536 0l-12.544-12.608q-0.768-0.768 0-1.6l12.544-12.608q0.704-0.832 1.536 0 0.832 0.704 0 1.536l-11.456 11.904z\"><\/path>\n<\/svg><span class='avia_hidden_link_text'>Zur\u00fcck<\/span><\/a><a href='#next' class='next-slide  avia-svg-icon avia-font-svg_entypo-fontello' data-av_svg_icon='right-open-big' data-av_iconset='svg_entypo-fontello' tabindex='-1' title=\"Weiter\"><svg version=\"1.1\" xmlns=\"http:\/\/www.w3.org\/2000\/svg\" width=\"15\" height=\"32\" viewBox=\"0 0 15 32\" preserveAspectRatio=\"xMidYMid meet\" aria-labelledby='av-svg-title-2' aria-describedby='av-svg-desc-2' role=\"graphics-symbol\" aria-hidden=\"true\">\n<title id='av-svg-title-2'>Weiter<\/title>\n<desc id='av-svg-desc-2'>Weiter<\/desc>\n<path d=\"M0.416 27.84l11.456-11.84-11.456-11.904q-0.832-0.832 0-1.536 0.832-0.832 1.536 0l12.544 12.608q0.768 0.832 0 1.6l-12.544 12.608q-0.704 0.832-1.536 0-0.832-0.704 0-1.536z\"><\/path>\n<\/svg><span class='avia_hidden_link_text'>Weiter<\/span><\/a><\/div><div class='avia-slideshow-dots avia-slideshow-controls'><a href='#1' class='goto-slide active' >1<\/a><a href='#2' class='goto-slide ' >2<\/a><\/div><\/div><\/div><div id='after_full_slider_1'  class='main_color av_default_container_wrap container_wrap sidebar_right'  ><div class='container av-section-cont-open' ><div class='template-page content  av-content-small alpha units'><div class='post-entry post-entry-type-page post-entry-507'><div class='entry-content-wrapper clearfix'>\n<div  class='flex_column av-gmqej-28a420462a46db6ecff9a3a98888e53f av_two_third  avia-builder-el-1  el_after_av_slideshow_full  el_before_av_one_third  avia-builder-el-first  first flex_column_div  '     ><p>\n<style type=\"text\/css\" data-created_by=\"avia_inline_auto\" id=\"style-css-av-m70fubym-33c263c575df4089bac107dbb926f358\">\n#top .av-special-heading.av-m70fubym-33c263c575df4089bac107dbb926f358{\npadding-bottom:30px;\nfont-size:70px;\n}\nbody .av-special-heading.av-m70fubym-33c263c575df4089bac107dbb926f358 .av-special-heading-tag .heading-char{\nfont-size:25px;\n}\n#top #wrap_all .av-special-heading.av-m70fubym-33c263c575df4089bac107dbb926f358 .av-special-heading-tag{\nfont-size:70px;\n}\n.av-special-heading.av-m70fubym-33c263c575df4089bac107dbb926f358 .av-subheading{\nfont-size:15px;\n}\n\n@media only screen and (max-width: 479px){ \n#top #wrap_all .av-special-heading.av-m70fubym-33c263c575df4089bac107dbb926f358 .av-special-heading-tag{\nfont-size:50px;\n}\n}\n\n@media only screen and (min-width: 480px) and (max-width: 767px){ \n#top #wrap_all .av-special-heading.av-m70fubym-33c263c575df4089bac107dbb926f358 .av-special-heading-tag{\nfont-size:0.8em;\n}\n}\n<\/style>\n<div  class='av-special-heading av-m70fubym-33c263c575df4089bac107dbb926f358 av-special-heading-h1 blockquote modern-quote  avia-builder-el-2  el_before_av_textblock  avia-builder-el-first  av-small-hide av-mini-hide av-thin-font av-inherit-size'><h1 class='av-special-heading-tag '  itemprop=\"headline\"  >Abendgarderobe<strong>.<\/strong><\/h1><div class=\"special-heading-border\"><div class=\"special-heading-inner-border\"><\/div><\/div><\/div><br \/>\n<section  class='av_textblock_section av-b85rv-48de7664b4c683a620a2725c4bb865cc '   itemscope=\"itemscope\" itemtype=\"https:\/\/schema.org\/CreativeWork\" ><div class='avia_textblock'  itemprop=\"text\" ><p>Eine elegante Damen-Abendgarderobe umfasst eine Vielzahl von stilvollen Optionen, die f\u00fcr besondere Anl\u00e4sse wie Galas, Cocktailempf\u00e4nge oder festliche Abendveranstaltungen geeignet sind. Lange Abendkleider aus edlen Stoffen wie Seide, Satin oder Spitze strahlen zeitlose Eleganz aus und lassen die Tr\u00e4gerin gl\u00e4nzen. Ein Cocktailkleid bietet eine k\u00fcrzere, ebenso raffinierte Alternative und ist ideal f\u00fcr semi-formelle Events. Dazu passen ma\u00dfgeschneiderte Jacken oder Boleros, die den Look vervollst\u00e4ndigen und zugleich f\u00fcr W\u00e4rme sorgen. Wir bieten eine gro\u00dfe Auswahl, auch in gro\u00dfen Gr\u00f6\u00dfen.<\/p>\n<\/div><\/section><\/p><\/div>\n<div  class='flex_column av-degg3-e0552d4e912458c5834615696343a230 av_one_third  avia-builder-el-4  el_after_av_two_third  el_before_av_section  avia-builder-el-last  flex_column_div  '     ><div  class='avia-slideshow av-ma2c4v2d-e22cc1af97283ca7dfd0f1affe9397b8 avia-slideshow-no scaling av_slideshow avia-slide-slider  avia-builder-el-5  avia-builder-el-no-sibling  av-slideshow-ui av-control-default av-slideshow-manual av-loop-once av-loop-manual-endless av-default-height-applied avia-slideshow-2' data-slideshow-options=\"{&quot;animation&quot;:&quot;slide&quot;,&quot;autoplay&quot;:false,&quot;loop_autoplay&quot;:&quot;once&quot;,&quot;interval&quot;:5,&quot;loop_manual&quot;:&quot;manual-endless&quot;,&quot;autoplay_stopper&quot;:false,&quot;noNavigation&quot;:false,&quot;bg_slider&quot;:false,&quot;keep_padding&quot;:false,&quot;hoverpause&quot;:false,&quot;show_slide_delay&quot;:0}\"  itemprop=\"image\" itemscope=\"itemscope\" itemtype=\"https:\/\/schema.org\/ImageObject\" ><ul class='avia-slideshow-inner ' style='padding-bottom: 137.5%;'><li  class='avia-slideshow-slide av-ma2c4v2d-e22cc1af97283ca7dfd0f1affe9397b8__0  slide-1 slide-odd'><div data-rel='slideshow-2' class='avia-slide-wrap '   ><img decoding=\"async\" fetchpriority=\"high\" class=\"wp-image-1129 avia-img-lazy-loading-not-1129\"  src=\"https:\/\/www.normans-couture.de\/wp-content\/uploads\/2025\/04\/IMG_3966_ALR_400x550px.jpg\" width=\"400\" height=\"550\" title='IMG_3966_ALR_400x550px' alt=''  itemprop=\"thumbnailUrl\" srcset=\"https:\/\/www.normans-couture.de\/wp-content\/uploads\/2025\/04\/IMG_3966_ALR_400x550px.jpg 400w, https:\/\/www.normans-couture.de\/wp-content\/uploads\/2025\/04\/IMG_3966_ALR_400x550px-218x300.jpg 218w\" sizes=\"(max-width: 400px) 100vw, 400px\" \/><\/div><\/li><li  class='avia-slideshow-slide av-ma2c4v2d-e22cc1af97283ca7dfd0f1affe9397b8__1  slide-2 slide-even'><div data-rel='slideshow-2' class='avia-slide-wrap '   ><img decoding=\"async\" fetchpriority=\"high\" class=\"wp-image-1128 avia-img-lazy-loading-not-1128\"  src=\"https:\/\/www.normans-couture.de\/wp-content\/uploads\/2025\/04\/IMG_3961_ALR_400x550px.jpg\" width=\"400\" height=\"550\" title='IMG_3961_ALR_400x550px' alt=''  itemprop=\"thumbnailUrl\" srcset=\"https:\/\/www.normans-couture.de\/wp-content\/uploads\/2025\/04\/IMG_3961_ALR_400x550px.jpg 400w, https:\/\/www.normans-couture.de\/wp-content\/uploads\/2025\/04\/IMG_3961_ALR_400x550px-218x300.jpg 218w\" sizes=\"(max-width: 400px) 100vw, 400px\" \/><\/div><\/li><\/ul><div class='avia-slideshow-arrows avia-slideshow-controls' ><a href='#prev' class='prev-slide  avia-svg-icon avia-font-svg_entypo-fontello' data-av_svg_icon='left-open-big' data-av_iconset='svg_entypo-fontello' tabindex='-1' title=\"Zur\u00fcck\"><svg version=\"1.1\" xmlns=\"http:\/\/www.w3.org\/2000\/svg\" width=\"15\" height=\"32\" viewBox=\"0 0 15 32\" preserveAspectRatio=\"xMidYMid meet\" aria-labelledby='av-svg-title-3' aria-describedby='av-svg-desc-3' role=\"graphics-symbol\" aria-hidden=\"true\">\n<title id='av-svg-title-3'>Zur\u00fcck<\/title>\n<desc id='av-svg-desc-3'>Zur\u00fcck<\/desc>\n<path d=\"M14.464 27.84q0.832 0.832 0 1.536-0.832 0.832-1.536 0l-12.544-12.608q-0.768-0.768 0-1.6l12.544-12.608q0.704-0.832 1.536 0 0.832 0.704 0 1.536l-11.456 11.904z\"><\/path>\n<\/svg><span class='avia_hidden_link_text'>Zur\u00fcck<\/span><\/a><a href='#next' class='next-slide  avia-svg-icon avia-font-svg_entypo-fontello' data-av_svg_icon='right-open-big' data-av_iconset='svg_entypo-fontello' tabindex='-1' title=\"Weiter\"><svg version=\"1.1\" xmlns=\"http:\/\/www.w3.org\/2000\/svg\" width=\"15\" height=\"32\" viewBox=\"0 0 15 32\" preserveAspectRatio=\"xMidYMid meet\" aria-labelledby='av-svg-title-4' aria-describedby='av-svg-desc-4' role=\"graphics-symbol\" aria-hidden=\"true\">\n<title id='av-svg-title-4'>Weiter<\/title>\n<desc id='av-svg-desc-4'>Weiter<\/desc>\n<path d=\"M0.416 27.84l11.456-11.84-11.456-11.904q-0.832-0.832 0-1.536 0.832-0.832 1.536 0l12.544 12.608q0.768 0.832 0 1.6l-12.544 12.608q-0.704 0.832-1.536 0-0.832-0.704 0-1.536z\"><\/path>\n<\/svg><span class='avia_hidden_link_text'>Weiter<\/span><\/a><\/div><div class='avia-slideshow-dots avia-slideshow-controls'><a href='#1' class='goto-slide active' >1<\/a><a href='#2' class='goto-slide ' >2<\/a><\/div><\/div><\/div><\/div><\/div><\/div><!-- close content main div --><\/div><\/div>\n<style type=\"text\/css\" data-created_by=\"avia_inline_auto\" id=\"style-css-av-92kkb-659807c9b081f3e0b7523d91a0663662\">\n.avia-section.av-92kkb-659807c9b081f3e0b7523d91a0663662{\nbackground-color:#3c3c3c;\nbackground-image:unset;\n}\n<\/style>\n<div id='av_section_1'  class='avia-section av-92kkb-659807c9b081f3e0b7523d91a0663662 main_color avia-section-default avia-no-border-styling  avia-builder-el-6  el_after_av_one_third  avia-builder-el-last  avia-bg-style-scroll container_wrap sidebar_right'  ><div class='container av-section-cont-open' ><div class='template-page content  av-content-small alpha units'><div class='post-entry post-entry-type-page post-entry-507'><div class='entry-content-wrapper clearfix'>\n<div class='flex_column_table av-m70gdld2-6a684929985ae2ccfcfe758f99f06929 sc-av_one_third av-equal-height-column-flextable'><div  class='flex_column av-m70gdld2-6a684929985ae2ccfcfe758f99f06929 av_one_third  avia-builder-el-7  el_before_av_one_third  avia-builder-el-first  first flex_column_table_cell av-equal-height-column av-align-top  '     ><p>\n<style type=\"text\/css\" data-created_by=\"avia_inline_auto\" id=\"style-css-av-m70hmplz-a88b25b1694ba9eec5e80756e68701b5\">\n.avia-image-container.av-m70hmplz-a88b25b1694ba9eec5e80756e68701b5 img.avia_image{\nbox-shadow:none;\n}\n.avia-image-container.av-m70hmplz-a88b25b1694ba9eec5e80756e68701b5 .av-image-caption-overlay-center{\ncolor:#ffffff;\n}\n<\/style>\n<div  class='avia-image-container av-m70hmplz-a88b25b1694ba9eec5e80756e68701b5 av-styling- avia-align-center  avia-builder-el-8  el_before_av_hr  avia-builder-el-first '   itemprop=\"image\" itemscope=\"itemscope\" itemtype=\"https:\/\/schema.org\/ImageObject\" ><div class=\"avia-image-container-inner\"><div class=\"avia-image-overlay-wrap\"><img decoding=\"async\" fetchpriority=\"high\" class='wp-image-1090 avia-img-lazy-loading-not-1090 avia_image ' src=\"https:\/\/www.normans-couture.de\/wp-content\/uploads\/2025\/04\/Depositphotos_224315710_495x400px.jpg\" alt='' title='Full length portrait four attractive young women in sexy dress'  height=\"400\" width=\"495\"  itemprop=\"thumbnailUrl\" srcset=\"https:\/\/www.normans-couture.de\/wp-content\/uploads\/2025\/04\/Depositphotos_224315710_495x400px.jpg 495w, https:\/\/www.normans-couture.de\/wp-content\/uploads\/2025\/04\/Depositphotos_224315710_495x400px-300x242.jpg 300w\" sizes=\"(max-width: 495px) 100vw, 495px\" \/><\/div><\/div><\/div><br \/>\n\n<style type=\"text\/css\" data-created_by=\"avia_inline_auto\" id=\"style-css-av-t2ucj-1e9e08cb5669f56acb74ee08a92ddd00\">\n#top .hr.hr-invisible.av-t2ucj-1e9e08cb5669f56acb74ee08a92ddd00{\nmargin-top:-35px;\nheight:1px;\n}\n<\/style>\n<div  class='hr av-t2ucj-1e9e08cb5669f56acb74ee08a92ddd00 hr-invisible  avia-builder-el-9  el_after_av_image  el_before_av_heading  av-desktop-hide av-medium-hide'><span class='hr-inner '><span class=\"hr-inner-style\"><\/span><\/span><\/div><br \/>\n\n<style type=\"text\/css\" data-created_by=\"avia_inline_auto\" id=\"style-css-av-m70gsb2u-10fa93c7808d90db8eba0582f3a0dbe0\">\n#top .av-special-heading.av-m70gsb2u-10fa93c7808d90db8eba0582f3a0dbe0{\npadding-bottom:10px;\ncolor:#ffffff;\n}\nbody .av-special-heading.av-m70gsb2u-10fa93c7808d90db8eba0582f3a0dbe0 .av-special-heading-tag .heading-char{\nfont-size:25px;\n}\n.av-special-heading.av-m70gsb2u-10fa93c7808d90db8eba0582f3a0dbe0 .special-heading-inner-border{\nborder-color:#ffffff;\n}\n.av-special-heading.av-m70gsb2u-10fa93c7808d90db8eba0582f3a0dbe0 .av-subheading{\nfont-size:15px;\n}\n<\/style>\n<div  class='av-special-heading av-m70gsb2u-10fa93c7808d90db8eba0582f3a0dbe0 av-special-heading-h2 custom-color-heading blockquote modern-quote  avia-builder-el-10  el_after_av_hr  el_before_av_hr  av-thin-font'><h2 class='av-special-heading-tag '  itemprop=\"headline\"  >Abendkleider<strong>.<\/strong><\/h2><div class=\"special-heading-border\"><div class=\"special-heading-inner-border\"><\/div><\/div><\/div><br \/>\n\n<style type=\"text\/css\" data-created_by=\"avia_inline_auto\" id=\"style-css-av-kw0x7-73b08430ed66e023eb13572ece8f67d2\">\n#top .hr.hr-invisible.av-kw0x7-73b08430ed66e023eb13572ece8f67d2{\nheight:20px;\n}\n<\/style>\n<div  class='hr av-kw0x7-73b08430ed66e023eb13572ece8f67d2 hr-invisible  avia-builder-el-11  el_after_av_heading  avia-builder-el-last  av-desktop-hide av-medium-hide'><span class='hr-inner '><span class=\"hr-inner-style\"><\/span><\/span><\/div><\/p><\/div><div class='av-flex-placeholder'><\/div><div  class='flex_column av-go28r-1b810c32c761bc080a1acf80e1af7422 av_one_third  avia-builder-el-12  el_after_av_one_third  el_before_av_one_third  flex_column_table_cell av-equal-height-column av-align-top  '     ><p>\n<style type=\"text\/css\" data-created_by=\"avia_inline_auto\" id=\"style-css-av-m70huo6x-d02d71589bdbc247961fbaf03d3d0ec4\">\n.avia-image-container.av-m70huo6x-d02d71589bdbc247961fbaf03d3d0ec4 img.avia_image{\nbox-shadow:none;\n}\n.avia-image-container.av-m70huo6x-d02d71589bdbc247961fbaf03d3d0ec4 .av-image-caption-overlay-center{\ncolor:#ffffff;\n}\n<\/style>\n<div  class='avia-image-container av-m70huo6x-d02d71589bdbc247961fbaf03d3d0ec4 av-styling- avia-align-center  avia-builder-el-13  el_before_av_hr  avia-builder-el-first '   itemprop=\"image\" itemscope=\"itemscope\" itemtype=\"https:\/\/schema.org\/ImageObject\" ><div class=\"avia-image-container-inner\"><div class=\"avia-image-overlay-wrap\"><img decoding=\"async\" fetchpriority=\"high\" class='wp-image-1092 avia-img-lazy-loading-not-1092 avia_image ' src=\"https:\/\/www.normans-couture.de\/wp-content\/uploads\/2025\/04\/Depositphotos_80370838_495x400px.jpg\" alt='' title='Stylish African American Woman in elegant green dress against maroon'  height=\"400\" width=\"496\"  itemprop=\"thumbnailUrl\" srcset=\"https:\/\/www.normans-couture.de\/wp-content\/uploads\/2025\/04\/Depositphotos_80370838_495x400px.jpg 496w, https:\/\/www.normans-couture.de\/wp-content\/uploads\/2025\/04\/Depositphotos_80370838_495x400px-300x242.jpg 300w\" sizes=\"(max-width: 496px) 100vw, 496px\" \/><\/div><\/div><\/div><br \/>\n\n<style type=\"text\/css\" data-created_by=\"avia_inline_auto\" id=\"style-css-av-daigz-e627411f0b101ce2e444bfd93c2ea0e1\">\n#top .hr.hr-invisible.av-daigz-e627411f0b101ce2e444bfd93c2ea0e1{\nmargin-top:-35px;\nheight:1px;\n}\n<\/style>\n<div  class='hr av-daigz-e627411f0b101ce2e444bfd93c2ea0e1 hr-invisible  avia-builder-el-14  el_after_av_image  el_before_av_heading  av-desktop-hide av-medium-hide'><span class='hr-inner '><span class=\"hr-inner-style\"><\/span><\/span><\/div><br \/>\n\n<style type=\"text\/css\" data-created_by=\"avia_inline_auto\" id=\"style-css-av-m70gt121-8e21217cff7047ddf7e9887ce0cafe31\">\n#top .av-special-heading.av-m70gt121-8e21217cff7047ddf7e9887ce0cafe31{\npadding-bottom:10px;\ncolor:#ffffff;\n}\nbody .av-special-heading.av-m70gt121-8e21217cff7047ddf7e9887ce0cafe31 .av-special-heading-tag .heading-char{\nfont-size:25px;\n}\n.av-special-heading.av-m70gt121-8e21217cff7047ddf7e9887ce0cafe31 .special-heading-inner-border{\nborder-color:#ffffff;\n}\n.av-special-heading.av-m70gt121-8e21217cff7047ddf7e9887ce0cafe31 .av-subheading{\nfont-size:15px;\n}\n<\/style>\n<div  class='av-special-heading av-m70gt121-8e21217cff7047ddf7e9887ce0cafe31 av-special-heading-h2 custom-color-heading blockquote modern-quote  avia-builder-el-15  el_after_av_hr  el_before_av_hr  av-thin-font'><h2 class='av-special-heading-tag '  itemprop=\"headline\"  >Cocktailkleider<strong>.<\/strong><\/h2><div class=\"special-heading-border\"><div class=\"special-heading-inner-border\"><\/div><\/div><\/div><br \/>\n\n<style type=\"text\/css\" data-created_by=\"avia_inline_auto\" id=\"style-css-av-m7bnn7h4-4ae2954a8bab3168bbb25551b4ad8827\">\n#top .hr.hr-invisible.av-m7bnn7h4-4ae2954a8bab3168bbb25551b4ad8827{\nheight:20px;\n}\n<\/style>\n<div  class='hr av-m7bnn7h4-4ae2954a8bab3168bbb25551b4ad8827 hr-invisible  avia-builder-el-16  el_after_av_heading  avia-builder-el-last  av-desktop-hide av-medium-hide'><span class='hr-inner '><span class=\"hr-inner-style\"><\/span><\/span><\/div><\/p><\/div><div class='av-flex-placeholder'><\/div><div  class='flex_column av-y9ez-1d2fb0f70e2d73513fd7ea911c66e229 av_one_third  avia-builder-el-17  el_after_av_one_third  avia-builder-el-last  flex_column_table_cell av-equal-height-column av-align-top  '     ><p>\n<style type=\"text\/css\" data-created_by=\"avia_inline_auto\" id=\"style-css-av-m70i1p8r-d73ccd72a23a2d7b6dacd44a86c2dbed\">\n.avia-image-container.av-m70i1p8r-d73ccd72a23a2d7b6dacd44a86c2dbed img.avia_image{\nbox-shadow:none;\n}\n.avia-image-container.av-m70i1p8r-d73ccd72a23a2d7b6dacd44a86c2dbed .av-image-caption-overlay-center{\ncolor:#ffffff;\n}\n<\/style>\n<div  class='avia-image-container av-m70i1p8r-d73ccd72a23a2d7b6dacd44a86c2dbed av-styling- avia-align-center  avia-builder-el-18  el_before_av_hr  avia-builder-el-first '   itemprop=\"image\" itemscope=\"itemscope\" itemtype=\"https:\/\/schema.org\/ImageObject\" ><div class=\"avia-image-container-inner\"><div class=\"avia-image-overlay-wrap\"><img decoding=\"async\" fetchpriority=\"high\" class='wp-image-1093 avia-img-lazy-loading-not-1093 avia_image ' src=\"https:\/\/www.normans-couture.de\/wp-content\/uploads\/2025\/04\/Depositphotos_64462927_495x400px.jpg\" alt='' title='Depositphotos_64462927_495x400px'  height=\"400\" width=\"495\"  itemprop=\"thumbnailUrl\" srcset=\"https:\/\/www.normans-couture.de\/wp-content\/uploads\/2025\/04\/Depositphotos_64462927_495x400px.jpg 495w, https:\/\/www.normans-couture.de\/wp-content\/uploads\/2025\/04\/Depositphotos_64462927_495x400px-300x242.jpg 300w\" sizes=\"(max-width: 495px) 100vw, 495px\" \/><\/div><\/div><\/div><br \/>\n\n<style type=\"text\/css\" data-created_by=\"avia_inline_auto\" id=\"style-css-av-m7bnm3bj-d6c49600bfe0dc515b729c8242cb085f\">\n#top .hr.hr-invisible.av-m7bnm3bj-d6c49600bfe0dc515b729c8242cb085f{\nmargin-top:-35px;\nheight:1px;\n}\n<\/style>\n<div  class='hr av-m7bnm3bj-d6c49600bfe0dc515b729c8242cb085f hr-invisible  avia-builder-el-19  el_after_av_image  el_before_av_heading  av-desktop-hide av-medium-hide'><span class='hr-inner '><span class=\"hr-inner-style\"><\/span><\/span><\/div><br \/>\n\n<style type=\"text\/css\" data-created_by=\"avia_inline_auto\" id=\"style-css-av-m70gtalt-bf0d34e5376eaa9d98178b2809c8c22e\">\n#top .av-special-heading.av-m70gtalt-bf0d34e5376eaa9d98178b2809c8c22e{\npadding-bottom:10px;\ncolor:#ffffff;\n}\nbody .av-special-heading.av-m70gtalt-bf0d34e5376eaa9d98178b2809c8c22e .av-special-heading-tag .heading-char{\nfont-size:25px;\n}\n.av-special-heading.av-m70gtalt-bf0d34e5376eaa9d98178b2809c8c22e .special-heading-inner-border{\nborder-color:#ffffff;\n}\n.av-special-heading.av-m70gtalt-bf0d34e5376eaa9d98178b2809c8c22e .av-subheading{\nfont-size:15px;\n}\n<\/style>\n<div  class='av-special-heading av-m70gtalt-bf0d34e5376eaa9d98178b2809c8c22e av-special-heading-h2 custom-color-heading blockquote modern-quote  avia-builder-el-20  el_after_av_hr  el_before_av_hr  av-thin-font'><h2 class='av-special-heading-tag '  itemprop=\"headline\"  >Jacken<strong>.<\/strong><\/h2><div class=\"special-heading-border\"><div class=\"special-heading-inner-border\"><\/div><\/div><\/div><br \/>\n\n<style type=\"text\/css\" data-created_by=\"avia_inline_auto\" id=\"style-css-av-az6gz-abce63ab74477b1694bf7b49523acce1\">\n#top .hr.hr-invisible.av-az6gz-abce63ab74477b1694bf7b49523acce1{\nheight:20px;\n}\n<\/style>\n<div  class='hr av-az6gz-abce63ab74477b1694bf7b49523acce1 hr-invisible  avia-builder-el-21  el_after_av_heading  avia-builder-el-last  av-desktop-hide av-medium-hide'><span class='hr-inner '><span class=\"hr-inner-style\"><\/span><\/span><\/div><\/p><\/div><\/div><!--close column table wrapper. Autoclose: 1 -->\n<\/div><\/div><\/div><!-- close content main div --><\/div><\/div><div id='after_section_1'  class='main_color av_default_container_wrap container_wrap sidebar_right'  ><div class='container av-section-cont-open' ><div class='template-page content  av-content-small alpha units'><div class='post-entry post-entry-type-page post-entry-507'><div class='entry-content-wrapper clearfix'><\/p>\n","protected":false},"excerpt":{"rendered":"","protected":false},"author":2,"featured_media":0,"parent":0,"menu_order":2,"comment_status":"closed","ping_status":"closed","template":"","meta":{"footnotes":""},"class_list":["post-507","page","type-page","status-publish","hentry"],"_links":{"self":[{"href":"https:\/\/www.normans-couture.de\/index.php\/wp-json\/wp\/v2\/pages\/507","targetHints":{"allow":["GET"]}}],"collection":[{"href":"https:\/\/www.normans-couture.de\/index.php\/wp-json\/wp\/v2\/pages"}],"about":[{"href":"https:\/\/www.normans-couture.de\/index.php\/wp-json\/wp\/v2\/types\/page"}],"author":[{"embeddable":true,"href":"https:\/\/www.normans-couture.de\/index.php\/wp-json\/wp\/v2\/users\/2"}],"replies":[{"embeddable":true,"href":"https:\/\/www.normans-couture.de\/index.php\/wp-json\/wp\/v2\/comments?post=507"}],"version-history":[{"count":61,"href":"https:\/\/www.normans-couture.de\/index.php\/wp-json\/wp\/v2\/pages\/507\/revisions"}],"predecessor-version":[{"id":1131,"href":"https:\/\/www.normans-couture.de\/index.php\/wp-json\/wp\/v2\/pages\/507\/revisions\/1131"}],"wp:attachment":[{"href":"https:\/\/www.normans-couture.de\/index.php\/wp-json\/wp\/v2\/media?parent=507"}],"curies":[{"name":"wp","href":"https:\/\/api.w.org\/{rel}","templated":true}]}}