{"id":951,"date":"2025-02-11T15:17:41","date_gmt":"2025-02-11T14:17:41","guid":{"rendered":"https:\/\/www.normans-couture.de\/?page_id=951"},"modified":"2025-05-06T10:35:45","modified_gmt":"2025-05-06T08:35:45","slug":"massanfertigung","status":"publish","type":"page","link":"https:\/\/www.normans-couture.de\/index.php\/massanfertigung\/","title":{"rendered":"Ma\u00dfanfertigung"},"content":{"rendered":"\n<style type=\"text\/css\" data-created_by=\"avia_inline_auto\" id=\"style-css-av-m70bt2bm-871599e62d9c84cf08c44d8761d1eb84\">\n.avia-section.av-m70bt2bm-871599e62d9c84cf08c44d8761d1eb84 .av-parallax .av-parallax-inner{\nbackground-repeat:no-repeat;\nbackground-image:url(https:\/\/www.normans-couture.de\/wp-content\/uploads\/2025\/04\/101-2506-2644_2400x1400px.jpg);\nbackground-position:50% 50%;\nbackground-attachment:scroll;\n}\n<\/style>\n<div id='av_section_1'  class='avia-section av-m70bt2bm-871599e62d9c84cf08c44d8761d1eb84 main_color avia-section-default avia-no-border-styling  avia-builder-el-0  el_before_av_section  avia-builder-el-first  avia-full-stretch av-parallax-section avia-bg-style-parallax av-minimum-height av-minimum-height-70 av-height-percent  container_wrap sidebar_right'  data-section-bg-repeat='stretch' data-av_minimum_height_pc='70' data-av_min_height_opt='percent'><div class='av-parallax' data-avia-parallax-ratio='0.3' ><div class='av-parallax-inner main_color avia-full-stretch'><\/div><\/div><div class='container av-section-cont-open' ><main  role=\"main\" itemprop=\"mainContentOfPage\"  class='template-page content  av-content-small alpha units'><div class='post-entry post-entry-type-page post-entry-951'><div class='entry-content-wrapper clearfix'>\n<\/div><\/div><\/main><!-- close content main element --><\/div><\/div><div id='av_section_2'  class='avia-section av-1erbkl-375444a3281e51d27dae553763c33f39 main_color avia-section-large avia-no-border-styling  avia-builder-el-1  el_after_av_section  el_before_av_section  avia-bg-style-scroll container_wrap sidebar_right'  ><div class='container av-section-cont-open' ><div class='template-page content  av-content-small alpha units'><div class='post-entry post-entry-type-page post-entry-951'><div class='entry-content-wrapper clearfix'>\n\n<style type=\"text\/css\" data-created_by=\"avia_inline_auto\" id=\"style-css-av-m7boy88c-1675c3a4065acec454eafa572bdbd2c8\">\n#top .av-special-heading.av-m7boy88c-1675c3a4065acec454eafa572bdbd2c8{\npadding-bottom:30px;\nfont-size:70px;\n}\nbody .av-special-heading.av-m7boy88c-1675c3a4065acec454eafa572bdbd2c8 .av-special-heading-tag .heading-char{\nfont-size:25px;\n}\n#top #wrap_all .av-special-heading.av-m7boy88c-1675c3a4065acec454eafa572bdbd2c8 .av-special-heading-tag{\nfont-size:70px;\n}\n.av-special-heading.av-m7boy88c-1675c3a4065acec454eafa572bdbd2c8 .av-subheading{\nfont-size:15px;\n}\n\n@media only screen and (min-width: 480px) and (max-width: 767px){ \n#top #wrap_all .av-special-heading.av-m7boy88c-1675c3a4065acec454eafa572bdbd2c8 .av-special-heading-tag{\nfont-size:0.8em;\n}\n}\n\n@media only screen and (max-width: 479px){ \n#top #wrap_all .av-special-heading.av-m7boy88c-1675c3a4065acec454eafa572bdbd2c8 .av-special-heading-tag{\nfont-size:0.8em;\n}\n}\n<\/style>\n<div  class='av-special-heading av-m7boy88c-1675c3a4065acec454eafa572bdbd2c8 av-special-heading-h1 blockquote modern-quote  avia-builder-el-2  el_before_av_one_full  avia-builder-el-first  av-small-hide av-mini-hide av-thin-font av-inherit-size'><h1 class='av-special-heading-tag '  itemprop=\"headline\"  >Ma\u00dfanfertigung<strong>.<\/strong><\/h1><div class=\"special-heading-border\"><div class=\"special-heading-inner-border\"><\/div><\/div><\/div>\n\n<style type=\"text\/css\" data-created_by=\"avia_inline_auto\" id=\"style-css-av-otsbh-08438b1d5fd7c20d5be1458e64052e96\">\n.flex_column.av-otsbh-08438b1d5fd7c20d5be1458e64052e96{\nborder-radius:0px 0px 0px 0px;\npadding:0px 0px 0px 0px;\n}\n<\/style>\n<div  class='flex_column av-otsbh-08438b1d5fd7c20d5be1458e64052e96 av_one_full  avia-builder-el-3  el_after_av_heading  avia-builder-el-last  first flex_column_div av-zero-column-padding  '     ><section  class='av_textblock_section av-1zwct-c79c9210cf588bc5454177105597451f '   itemscope=\"itemscope\" itemtype=\"https:\/\/schema.org\/CreativeWork\" ><div class='avia_textblock'  itemprop=\"text\" ><p>Der Traum vom perfekten Braut- oder Abendkleid wird mit einer Ma\u00dfanfertigung Wirklichkeit. In enger Zusammenarbeit mit Ihnen setzen wir Ihre Vorstellungen kreativ um und schaffen ein Kleid, das Ihre Pers\u00f6nlichkeit und Ihre W\u00fcnsche widerspiegelt. Jedes Detail wird mit Liebe zum Handwerk und Hingabe in echter Handarbeit gefertigt. Wir verwenden edelste Stoffe wie Seide, Satin und T\u00fcll, die sich sanft an Ihre Silhouette schmiegen und durch feine Stickereien und luxuri\u00f6se Verzierungen zum Leben erweckt werden. Das Ergebnis ist ein einzigartiges Kleid, das nicht nur atemberaubend aussieht, sondern sich auch wunderbar anf\u00fchlt \u2013 ein Meisterwerk, das nur f\u00fcr Sie, in Ihrer perfekten Passform geschaffen wurde.<\/p>\n<\/div><\/section><\/div>\n\n<\/div><\/div><\/div><!-- close content main div --><\/div><\/div>\n<style type=\"text\/css\" data-created_by=\"avia_inline_auto\" id=\"style-css-av-m70d60lu-4aa59c60a9607bbcd12b8b9db7028968\">\n.avia-section.av-m70d60lu-4aa59c60a9607bbcd12b8b9db7028968 .av-parallax .av-parallax-inner{\nbackground-repeat:no-repeat;\nbackground-image:url(https:\/\/www.normans-couture.de\/wp-content\/uploads\/2025\/04\/Depositphotos_4698717_XL_2400x1400px.jpg);\nbackground-position:50% 50%;\nbackground-attachment:scroll;\n}\n<\/style>\n<div id='av_section_3'  class='avia-section av-m70d60lu-4aa59c60a9607bbcd12b8b9db7028968 main_color avia-section-default avia-no-border-styling  avia-builder-el-5  el_after_av_section  el_before_av_section  avia-full-stretch av-parallax-section avia-bg-style-parallax av-minimum-height av-minimum-height-40 av-height-percent  container_wrap sidebar_right'  data-section-bg-repeat='stretch' data-av_minimum_height_pc='40' data-av_min_height_opt='percent'><div class='av-parallax' data-avia-parallax-ratio='0.3' ><div class='av-parallax-inner main_color avia-full-stretch'><\/div><\/div><div class='container av-section-cont-open' ><div class='template-page content  av-content-small alpha units'><div class='post-entry post-entry-type-page post-entry-951'><div class='entry-content-wrapper clearfix'>\n<\/div><\/div><\/div><!-- close content main div --><\/div><\/div><div id='av_section_4'  class='avia-section av-npmbx-fff3c1f0989ff2c318a27fccc17a3231 main_color avia-section-default avia-no-border-styling  avia-builder-el-6  el_after_av_section  avia-builder-el-last  avia-bg-style-scroll container_wrap sidebar_right'  ><div class='container av-section-cont-open' ><div class='template-page content  av-content-small alpha units'><div class='post-entry post-entry-type-page post-entry-951'><div class='entry-content-wrapper clearfix'>\n\n<style type=\"text\/css\" data-created_by=\"avia_inline_auto\" id=\"style-css-av-b6brb-100a1526642b517441377dff56e56f94\">\n.flex_column.av-b6brb-100a1526642b517441377dff56e56f94{\nborder-radius:0px 0px 0px 0px;\npadding:0px 0px 0px 0px;\n}\n<\/style>\n<div  class='flex_column av-b6brb-100a1526642b517441377dff56e56f94 av_one_third  avia-builder-el-7  el_before_av_two_third  avia-builder-el-first  first flex_column_div av-hide-on-mobile av-zero-column-padding  '     ><div  class='avia-slideshow av-mac6qz7g-9b7eb770d117e1a58a720f19791476c0 avia-slideshow-no scaling av_slideshow avia-slide-slider  avia-builder-el-8  avia-builder-el-no-sibling  av-slideshow-ui av-control-hidden av-no-slider-navigation av-hide-nav-arrows av-slideshow-autoplay av-loop-endless av-loop-manual-endless avia-slideshow-1' data-slideshow-options=\"{&quot;animation&quot;:&quot;slide&quot;,&quot;autoplay&quot;:true,&quot;loop_autoplay&quot;:&quot;endless&quot;,&quot;interval&quot;:5,&quot;loop_manual&quot;:&quot;manual-endless&quot;,&quot;autoplay_stopper&quot;:false,&quot;noNavigation&quot;:true,&quot;bg_slider&quot;:false,&quot;keep_padding&quot;:false,&quot;hoverpause&quot;:false,&quot;show_slide_delay&quot;:0}\"  itemprop=\"image\" itemscope=\"itemscope\" itemtype=\"https:\/\/schema.org\/ImageObject\" ><ul class='avia-slideshow-inner ' ><li  data-controls='aviaTBaviaTBvideo_controls' data-mute='aviaTBaviaTBvideo_mute' data-loop='aviaTBaviaTBvideo_loop' data-disable-autoplay=''  data-video-ratio='0.5625' class='avia-slideshow-slide av-mac6qz7g-9b7eb770d117e1a58a720f19791476c0__0  av-video-slide  av-video-service-html5  av-hide-video-controls av-mute-video av-loop-video av-mobile-fallback-image  av-single-slide slide-1 slide-odd'><div data-rel='slideshow-1' class='avia-slide-wrap '    itemprop=\"video\" itemtype=\"https:\/\/schema.org\/VideoObject\" ><div class='av-click-overlay'><\/div><video class='avia_video'  autoplay playsinline loop preload=\"metadata\" muted  id='player_951_1263172375_538344897'><source src=\"http:\/\/www.normans-couture.de\/wp-content\/uploads\/2025\/05\/WhatsApp-Video-2025-05-05-at-16.37.49.mp4\" type=\"video\/mp4\" \/><\/video><div class=\"av-click-to-play-overlay\"><div class=\"avia_playpause_icon\"><\/div><\/div><\/div><\/li><\/ul><\/div><\/div>\n<style type=\"text\/css\" data-created_by=\"avia_inline_auto\" id=\"style-css-av-154f59-bdc9c92e6ff62873b79a217e18764a3c\">\n.flex_column.av-154f59-bdc9c92e6ff62873b79a217e18764a3c{\nborder-radius:0px 0px 0px 0px;\npadding:0px 0px 0px 0px;\n}\n<\/style>\n<div  class='flex_column av-154f59-bdc9c92e6ff62873b79a217e18764a3c av_two_third  avia-builder-el-9  el_after_av_one_third  avia-builder-el-last  flex_column_div av-zero-column-padding  '     ><p><section  class='av_textblock_section av-v3p19-ed9dc664412d9ccb861be1e61603f9b9 '   itemscope=\"itemscope\" itemtype=\"https:\/\/schema.org\/CreativeWork\" ><div class='avia_textblock'  itemprop=\"text\" ><p>Unsere Preise f\u00fcr Ma\u00dfanfertigung liegen nicht viel h\u00f6her als die von konventionell gekauften Kleidern &#8222;von der Stange&#8220;.<\/p>\n<p>So k\u00f6nnen Sie sich sicher sein, dass Sie ein hochwertiges, individuelles Kleid erhalten, ohne Ihr Budget zu sprengen.<\/p>\n<p>Lassen Sie uns gemeinsam Ihr Traumkleid kreieren \u2013 ein Kleid, das nicht nur gut aussieht, sondern auch Ihre Geschichte erz\u00e4hlt.<\/p>\n<p>Kontaktieren Sie uns noch heute, um mehr \u00fcber unsere ma\u00dfgeschneiderten Optionen zu erfahren!<\/p>\n<\/div><\/section><br \/>\n\n<style type=\"text\/css\" data-created_by=\"avia_inline_auto\" id=\"style-css-av-hl8ot-31d96f74e8a3178de1107881e114dbd0\">\n#top .hr.hr-invisible.av-hl8ot-31d96f74e8a3178de1107881e114dbd0{\nheight:50px;\n}\n<\/style>\n<div  class='hr av-hl8ot-31d96f74e8a3178de1107881e114dbd0 hr-invisible  avia-builder-el-11  el_after_av_textblock  el_before_av_button '><span class='hr-inner '><span class=\"hr-inner-style\"><\/span><\/span><\/div><br \/>\n<div  class='avia-button-wrap av-m70kgni9-b220894a658c1736d9eee64e278ff265-wrap avia-button-center  avia-builder-el-12  el_after_av_hr  avia-builder-el-last '><a href='https:\/\/www.normans-couture.de\/index.php\/kontakt\/'  class='avia-button av-m70kgni9-b220894a658c1736d9eee64e278ff265 av-link-btn avia-icon_select-no avia-size-large avia-position-center avia-color-theme-color'   aria-label=\"Termin vereinbaren\"><span class='avia_iconbox_title' >Termin vereinbaren<\/span><\/a><\/div><\/p><\/div><\/div><\/div><\/div><!-- close content main div --><\/div><\/div><div id='after_section_4'  class='main_color av_default_container_wrap container_wrap sidebar_right'  ><div class='container av-section-cont-open' ><div class='template-page content  av-content-small alpha units'><div class='post-entry post-entry-type-page post-entry-951'><div class='entry-content-wrapper clearfix'>\n","protected":false},"excerpt":{"rendered":"","protected":false},"author":2,"featured_media":0,"parent":0,"menu_order":4,"comment_status":"closed","ping_status":"closed","template":"","meta":{"footnotes":""},"class_list":["post-951","page","type-page","status-publish","hentry"],"_links":{"self":[{"href":"https:\/\/www.normans-couture.de\/index.php\/wp-json\/wp\/v2\/pages\/951","targetHints":{"allow":["GET"]}}],"collection":[{"href":"https:\/\/www.normans-couture.de\/index.php\/wp-json\/wp\/v2\/pages"}],"about":[{"href":"https:\/\/www.normans-couture.de\/index.php\/wp-json\/wp\/v2\/types\/page"}],"author":[{"embeddable":true,"href":"https:\/\/www.normans-couture.de\/index.php\/wp-json\/wp\/v2\/users\/2"}],"replies":[{"embeddable":true,"href":"https:\/\/www.normans-couture.de\/index.php\/wp-json\/wp\/v2\/comments?post=951"}],"version-history":[{"count":19,"href":"https:\/\/www.normans-couture.de\/index.php\/wp-json\/wp\/v2\/pages\/951\/revisions"}],"predecessor-version":[{"id":1138,"href":"https:\/\/www.normans-couture.de\/index.php\/wp-json\/wp\/v2\/pages\/951\/revisions\/1138"}],"wp:attachment":[{"href":"https:\/\/www.normans-couture.de\/index.php\/wp-json\/wp\/v2\/media?parent=951"}],"curies":[{"name":"wp","href":"https:\/\/api.w.org\/{rel}","templated":true}]}}